lse
Is 9 a factor of 414?
True
Is 2736 a multiple of 48?
True
Is 6615 a multiple of 105?
True
Is 727 a multiple of 34?
False
Does 12 divide 24072?
True
Is 97 a factor of 134587?
False
Does 23 divide 3058?
False
Is 11 a factor of 1826?
True
Does 32 divide 4448?
True
Does 92 divide 10020?
False
Does 46 divide 50600?
True
Does 25 divide 945?
False
Is 116 a factor of 11484?
True
Is 2682 a multiple of 28?
False
Does 38 divide 7055?
False
Does 4 divide 3753?
False
Is 2254 a multiple of 49?
True
Is 15 a factor of 1117?
False
Is 25340 a multiple of 50?
False
Is 714 a multiple of 17?
True
Is 119427 a multiple of 33?
True
Does 16 divide 10904?
False
Is 1770 a multiple of 71?
False
Is 1914 a multiple of 22?
True
Is 16 a factor of 464?
True
Is 20244 a multiple of 84?
True
Is 455 a multiple of 5?
True
Is 14 a factor of 571?
False
Is 6 a factor of 1187?
False
Is 4506 a multiple of 5?
False
Is 17 a factor of 175?
False
Does 8 divide 378?
False
Is 85 a factor of 425?
True
Is 3600 a multiple of 48?
True
Does 15 divide 930?
True
Is 12 a multiple of 12?
True
Does 17 divide 93313?
True
Does 44 divide 34144?
True
Does 9 divide 189?
True
Is 10 a factor of 3200?
True
Is 9 a factor of 281?
False
Is 6 a factor of 249?
False
Is 2895 a multiple of 5?
True
Does 24 divide 18960?
True
Is 12 a factor of 20808?
True
Does 27 divide 58941?
True
Does 30 divide 7283?
False
Is 856 a multiple of 12?
False
Is 14812 a multiple of 12?
False
Does 11 divide 2035?
True
Does 38 divide 18284?
False
Is 400 a multiple of 50?
True
Is 5914 a multiple of 31?
False
Is 10095 a multiple of 46?
False
Does 6 divide 2141?
False
Is 465 a multiple of 3?
True
Is 272 a multiple of 3?
False
Is 12 a multiple of 10?
False
Does 59 divide 487?
False
Does 42 divide 6426?
True
Is 2144 a multiple of 16?
True
Is 16 a factor of 752?
True
Is 22 a factor of 28226?
True
Is 5285 a multiple of 7?
True
Is 411 a multiple of 15?
False
Does 16 divide 1184?
True
Is 13 a factor of 20527?
True
Is 11 a factor of 2215?
False
Does 69 divide 40020?
True
Does 29 divide 1297?
False
Is 329 a multiple of 47?
True
Is 37 a factor of 10582?
True
Does 6 divide 1668?
True
Is 2755 a multiple of 95?
True
Does 227 divide 63333?
True
Is 730 a multiple of 15?
False
Does 5 divide 1543?
False
Is 97006 a multiple of 14?
True
Is 222 a factor of 9145?
False
Is 758 a multiple of 18?
False
Is 817 a multiple of 172?
False
Is 2288 a multiple of 26?
True
Is 10 a factor of 1720?
True
Is 126 a multiple of 67?
False
Is 20 a factor of 3540?
True
Is 36427 a multiple of 256?
False
Does 4 divide 2100?
True
Is 19 a factor of 579?
False
Does 9 divide 144?
True
Is 197 a factor of 13396?
True
Is 4638 a multiple of 78?
False
Is 20 a factor of 17860?
True
Is 9933 a multiple of 77?
True
Is 80325 a multiple of 35?
True
Is 675 a multiple of 25?
True
Is 6 a factor of 877?
False
Is 12 a factor of 33568?
False
Is 49545 a multiple of 17?
False
Is 1286 a multiple of 4?
False
Does 46 divide 184?
True
Does 102 divide 5134?
False
Is 5 a factor of 13626?
False
Is 47 a factor of 2936?
False
Is 3596 a multiple of 16?
False
Is 107 a factor of 26643?
True
Does 14 divide 613?
False
Is 2 a factor of 2?
True
Is 9 a factor of 117?
True
Is 13 a factor of 52?
True
Does 6 divide 5473?
False
Is 20343 a multiple of 199?
False
Is 4 a factor of 5306?
False
Is 19296 a multiple of 48?
True
Is 73 a factor of 44384?
True
Does 133 divide 112252?
True
Is 94 a factor of 5626?
False
Is 925 a multiple of 37?
True
Is 18105 a multiple of 31?
False
Is 3 a factor of 1455?
True
Does 65 divide 2990?
True
Is 159 a multiple of 5?
False
Is 5418 a multiple of 86?
True
Is 2150 a multiple of 48?
False
Is 38 a factor of 1482?
True
Is 107 a factor of 21507?
True
Is 41 a factor of 900?
False
Is 55404 a multiple of 114?
True
Is 10 a factor of 388?
False
Does 49 divide 1715?
True
Is 100 a factor of 7922?
False
Does 29 divide 263?
False
Does 98 divide 10192?
True
Is 3937 a multiple of 16?
False
Does 72 divide 7866?
False
Is 1269 a multiple of 27?
True
Does 3 divide 374?
False
Is 15 a factor of 473?
False
Does 11 divide 105332?
False
Is 7 a factor of 1435?
True
Is 19 a factor of 608?
True
Does 15 divide 3240?
True
Is 14 a factor of 1274?
True
Does 8 divide 1065?
False
Is 8533 a multiple of 6?
False
Is 200 a multiple of 50?
True
Is 1471 a multiple of 21?
False
Does 14 divide 30605?
False
Is 20 a factor of 3973?
False
Is 19638 a multiple of 18?
True
Does 9 divide 121?
False
Is 380 a multiple of 4?
True
Is 5719 a multiple of 19?
True
Is 7 a factor of 530?
False
Is 9 a factor of 1773?
True
Is 15 a factor of 5719?
False
Is 3500 a multiple of 20?
True
Is 9 a factor of 459?
True
Is 2543 a multiple of 107?
False
Does 6 divide 1656?
True
Does 9 divide 567?
True
Is 547 a multiple of 3?
False
Does 25 divide 850?
True
Is 6 a factor of 71966?
False
Is 88 a factor of 53990?
False
Is 1467 a multiple of 79?
False
Does 78 divide 3198?
True
Is 28890 a multiple of 107?
True
Is 12 a factor of 396?
True
Does 135 divide 14985?
True
Is 3014 a multiple of 52?
False
Is 5812 a multiple of 8?
False
Does 12 divide 12766?
False
Is 127194 a multiple of 258?
True
Is 21568 a multiple of 64?
True
Does 30 divide 1147?
False
Is 23576 a multiple of 56?
True
Is 98 a factor of 3148?
False
Does 15 divide 900?
True
Is 18746 a multiple of 26?
True
Does 60 divide 1769?
False
Is 32621 a multiple of 12?
False
Does 11 divide 20196?
True
Is 2192 a multiple of 81?
False
Is 2794 a multiple of 5?
False
Does 5 divide 1062?
False
Is 21 a factor of 903?
True
Is 12 a factor of 1602?
False
Does 4 divide 939?
False
Does 36 divide 4785?
False
Is 56603 a multiple of 13?
False
Is 1138 a multiple of 11?
False
Is 33 a factor of 39672?
False
Does 8 divide 536?
True
Is 5200 a multiple of 73?
False
Is 36 a factor of 756?
True
Is 62542 a multiple of 47?
False
Is 13 a factor of 1218?
False
Is 870 a multiple of 5?
True
Is 10 a factor of 25543?
False
Is 6 a factor of 3841?
False
Is 70 a factor of 3010?
True
Does 69 divide 15705?
False
Is 33 a factor of 1102?
False
Is 9158 a multiple of 9?
False
Is 16 a factor of 28715?
False
Is 65 a factor of 197?
False
Does 10 divide 3410?
True
Does 3 divide 9?
True
Is 8 a factor of 8198?
False
Is 35 a factor of 15450?
False
Does 27 divide 513?
True
Is 12 a factor of 2244?
True
Is 57 a factor of 4617?
True
Is 2976 a multiple of 24?
True
Does 10 divide 14050?
True
Is 2698 a multiple of 19?
True
Does 17 divide 192283?
False
Does 19 divide 321?
False
Is 1680 a multiple of 20?
True
Is 19 a factor of 78?
False
Does 46 divide 12737?
False
Is 11 a factor of 1216?
False
Is 13 a factor of 107198?
True
Is 33 a factor of 51?
False
Is 19558 a multiple of 11?
True
Is 19 a factor of 266?
True
Is 130 a factor of 34840?
True
Is 12 a factor of 1170?
False
Does 18 divide 19836?
True
Is 2196 a multiple of 12?
True
Is 390 a multiple of 26?
True
Does 101 divide 5590?
False
Is 145326 a multiple of 464?
False
Is 12155 a multiple of 17?
True
Is 25 a factor of 700?
True
Is 9 a factor of 2196?
True
Is 10 a factor of 1046?
False
Does 65 divide 13847?
False
Does 19 divide 20216?
True
Is 245 a factor of 19110?
True
Is 378 a multiple of 6?
True
Is 8 a factor of 1960?
True
Is 7059 a multiple of 31?
False
Is 11024 a multiple of 18?
False
Is 77 a factor of 688?
False
Is 16 a factor of 384?
True
Does 4 divide 1985?
False
Is 1744 a multiple of 49?
False
Is 2 a factor of 143?
False
Is 272 a multiple of 8?
True
Is 3 a factor of 8538?
True
Is 6 a factor of 24?
True
Does 2 divide 206?
True
Does 350 divide 67438?
False
Does 202 divide 39288?
False
Is 9 a factor of 1629?
True
Is 4002 a multiple of 3?
True
Is 3458 a multiple of 91?
True
Is 11395 a multiple of 75?
False
Is 10 a factor of 1880?
True
Is 67 a factor of 4584?
False
Is 405 a multiple of 5?
True
Is 14 a factor of 420?
True
Is 1205 a multiple of 26?
False
Is 16 a factor of 1999?
False
Is 18 a factor of 52037?
False
Is 47 a factor of 6683?
False
Does 39 divide 27356?
False
Is 9886 a multiple of 15?
False
Does 119 divide 1071?
True
Is 285 a multiple of 6?
False
Is 15228 a multiple of 162?
True
Is 8 a factor of 1573?
False
Is 6 a factor of 325?
False
Is 127 a factor of 920?
False
Is 2061 a multiple of 9?
True
Does 187 divide 3927?
True
Does 12 divide 3444?
True
Is 15 a factor of 14946?
False
Does 5 divide 2104?
False
Is 2178 a mul